-275 - -352) + -39 + -5
33
Calculate -6 + (-5 - -8) + (1 - -1) + -3.
-4
What is 0 - (2 - (16 - 17))?
-3
What is the value of 7 + -24 + 8 + 11 + 11?
13
What is the value of -3 + (2 + -5 - -9)?
3
What is the value of 4 - (7 + -17 - (2 + -9 - -2))?
9
221 + -223 + -1 + (0 - -9)
6
What is the value of 0 + 6 - (4 + (-3 - 1) - -11)?
-5
-8 + 4 + 0 + -9 - (0 + -6)
-7
What is the value of -17 + 2 + -4 + (-6 - (-14 - -1))?
-12
What is the value of (20 - (0 - -2)) + (0 - -61 - 62)?
17
What is -4 + (-14 - -11 - -13) + -14?
-8
What is (12 - -22) + (20 - 31)?
23
What is the value of 5 + (14 - 34 - -5)?
-10
Evaluate 1 + 2 + (8 - (-4 - -9 - -12)).
-6
What is -7 + (-1 - 7) - -22?
7
What is -14 + 13 + 6 + 3 - (3 - 0)?
5
What is the value of (-4 - -4 - 4) + 397 + -398?
-5
Evaluate (4 - (-2 - (1 + -5))) + -19 + 13.
-4
Calculate -4 + (18 - (-4 - (-12 - -7))).
13
6 - (-42 + 22 - -30)
-4
What is the value of -5 + (14 - 29 - -5)?
-15
What is 31 + -4 + -2 + 3 - 11?
17
What is -3 + (-12 - -1) + 24?
10
Evaluate 6 + 1 + -3 + -2 + 3 + 3.
8
Calculate 1 + -2 + 1 + (-2 - -8).
6
0 + -1 - 2 - (28 - 36 - -15)
-10
Calculate (-13 - -7) + 2 - -7.
3
4 + (16 - 14) - (-2 + -1)
9
Evaluate 7 + -6 - (-7 + 8 - -35).
-35
Calculate 5 + (10 - 17 - -11 - 3).
6
What is the value of (-24 - (-24 + 10)) + 17?
7
What is the value of (-39 - -20) + 23 + 1 + 1 + 12?
18
What is 11 - 5 - (-9 - -24)?
-9
-23 + (29 - 8) + 15
13
Calculate 0 + (18 - 0) - (3971 - 3961).
8
What is the value of (3 + -1 + -23 - -7 - -5) + 7?
-2
Calculate 9 + (31 - (-4 + 29 + -12)).
27
(-43 - -40 - 11) + 9 + -2
-7
-1 + 2 + 2 + -17 + 33 + -35
-16
-96 - -111 - (0 - -26)
-11
Evaluate -4 + (17 - 5) - (4 - -4).
0
(28 - (11 - -8)) + (-8 - -3) + -3
1
(6 - 14 - -43 - 4) + -19
12
What is the value of 5 + 6 + -34 - -12?
-11
What is the value of 14 - (-13 + 61 + -14)?
-20
4 + -8 + 59 + -47
8
Calculate -17 + (1 - 12) - (-2 - 3) - 0.
-23
What is -13 + 3 - (-29 - -19)?
0
Calculate -12 + -7 + 7 + 5.
-7
13 - (-6 - -7 - -21)
-9
What is the value of 3 + 29 - (26 - 17)?
23
What is the value of (-1 - -1) + 4 - 4?
0
Calculate 251 + -251 - (3 + -3 + 3).
-3
(-11 - (-66 + 57)) + (-3 - (0 + -1))
-4
What is (9 - (-31 - -61)) + 26?
5
-5 - (-2 - (-13 + 6))
-10
Evaluate (6 - 11) + 2 + -4 + 8.
1
Evaluate -16 - 7 - (-10 + 2 - 1) - 0.
-14
What is the value of (1078 - 1074) + (2 - (2 + -4))?
8
(6 + -4 - 3 - -8) + 6
13
What is (-6 + 21 - 7) + 2 - (-28 + 19)?
19
What is 309 + -303 + (-4 - 19 - 0)?
-17
What is the value of -10 + (3 - -10) - -4?
7
What is 10 - ((6 - -2) + (-22 - (-47 - -24)))?
1
What is (26 - 26 - 13) + -3?
-16
2 + -35 + 33 + (-2 - 16) + 0
-18
-7 + -6 + -2 + (4 - (-5 + 5))
-11
What is (2 - 1) + -16 + 5 - (41 - 40)?
-11
What is the value of 9 - (-7 + 11 + 3 + -11 + -7)?
20
What is the value of (7 - (13 + -15)) + -13 + -15?
-19
What is the value of (-1 - -37) + -19 - (3 - -2)?
12
Calculate (-5 - 6) + -30 + 37.
-4
What is the value of -29 + (-6 - (-7 - 14 - -14))?
-28
What is the value of 3 + -3 + 12 + -8 - (6 + -3)?
1
-1 - ((6 - 7) + -1 + 6)
-5
What is the value of 0 + (3 - (8 - 7)) + -16 + 4?
-10
What is the value of 43 + (-42 - -17) + -5 + (7 - -1)?
21
Calculate 2 - (-36 - -3) - (1 - -3).
31
What is 3 + (-16 - -50) + -25?
12
6 - ((40 - 23) + 0 + -1 - 1)
-9
4 + (8 - (-18 + 27))
3
What is the value of -10 + 11 + -16 - -11?
-4
What is the value of (-1 + 18 - (602 + -603)) + 7 + 0?
25
Evaluate 16 - 30 - -4 - (-5 - 1) - -16.
12
What is the value of -9 - -3 - 12 - -14 - -7?
3
Calculate (-2 - (31 - (7 + -4))) + (113 - 109).
-26
What is -15 - (-3 - (-42 + 17) - 7)?
-30
Evaluate 12 + 1 + 4 + (-12 - (-13 - -11)).
7
Evaluate (-3 + 1 - ((9 - 30) + 23)) + 2.
-2
Evaluate 3 - (0 - 1 - 4 - (10 - 1)).
17
What is the value of 2 + (5 - (12 - 15))?
10
-2 + -7 + -11 + (0 - (-4 - 0))
-16
(13 - 9 - 4) + 17
17
Calculate -1 - -1 - (2 + 5 + 0 + 1).
-8
What is the value of 16 - (23 - (1 - -9))?
3
(-1 - -16) + -11 + 0 + (1 - -6)
11
What is the value of -1 + 16 - (4 - (-11 - (-21 - -11)))?
10
What is 2 + 1 + 18 + (-154 - -151)?
18
What is -26 + (-14 + 20 - (-2 - (-3 + 1)))?
-20
Calculate 36 + -48 + (12 - -3).
3
-4 + (-2 - (-20 + 22) - 14)
-22
-13 - (-32 - -8) - 15
-4
Evaluate 3 - 2 - (89 - 91).
3
What is -26 + (31 - 20) + 19 + (1 - 11)?
-6
What is 7 + 1 - (7 - (18 + -12)) - -2?
9
What is (-4 - -34) + -72 + 47?
5
What is (29 - ((-8 - -2) + 19)) + -4?
12
2 + -21 - (-4 + 11 + (2 - 15))
-13
What is 21 + -11 + 6 + -8?
8
Calculate (55 - (57 - 14)) + 0 + -16.
-4
20 + (-10 - (-6 - -5)) + -6
5
What is the value of 36 + -8 - 41 - (-29 - -2)?
14
What is the value of 39 + (-7 - 34) + 8 + 1 + -16?
-9
What is the value of 0 + 2 - (-9 + 5) - (-18 - -7)?
17
Evaluate -7 + (-2 - 1) + -1 + 6 - 6.
-11
What is the value of (10 - 32) + 27 - 9?
-4
What is 10 + -37 - (13 - 30)?
-10
What is the value of 5 + (-32 - -25 - (2 - (0 - -3)))?
-1
Calculate (2 - (-45 - -14)) + -28.
5
What is -21 + 21 + -6 + -15 + 12?
-9
1 - -4 - (57 - 48)
-4
Evaluate 0 - (7 + -10 + 2 + -2) - -4.
7
-13 + -4 + 12 + (3 - 3)
-5
-4 + -1 - (12 - 25) - 2
6
Evaluate 7 + -9 + 6 + 6 + -2 + 0.
8
Evaluate 23 + -24 + (2 - 1) + -6.
-6
Calculate -1 - 0 - (-18 - (25 - 19) - -22).
1
What is the value of -7 + 0 + -242 + 258 - (12 + 0)?
-3
Calculate -7 + (-1 - -3) - (-297 + 290) - -27.
29
Calculate -1 + -6 + 17 - 32.
-22
What is -1 + -6 + (-11 - -33) + 2 + 1?
18
(6 - (16 + -8)) + 6 + -12
-8
What is the value of (21 - 3) + -1 + -3 + -17 + 18?
15
What is the value of -6 + -8 + 5 + 4 + (0 - -6)?
1
What is the value of 9 + (15 + -24 - (7 + (4 - 2)))?
-9
What is -10 + (-7 - 1 - -8) - 10?
-20
What is 3 - 12 - (2 - (9 + 0 + 1))?
-1
What is -7 + (-3 - -12) - 5 - 7?
-10
-5 - ((-2 - ((7 - 12) + 1)) + 4)
-11
9 - 18 - (23 - 46)
14
What is -8 + (20 + 1 - 12)?
1
Evaluate 5 + -9 + 3 + 12 + 3.
14
Calculate (2 - -2 - 5) + -5 + 7 + -7.
-6
What is the value of -10 - 13 - (-35 - -20)?
-8
-1 - (-27 - (13 - 38))
1
What is (-1 + -4 - (-3 + -2)) + (-1 - 2)?
-3
What is -292 + 339 - (32 + 2)?
13
What is the value of -7 + 33 - (118 + -69)?
-23
Evaluate -4 - (4 - 6 - (-1 + 2)) - 4.
-5
Calculate -4 + 4 - (-20 + 19) - (3 - 0).
-2
Calculate -10 + 5 + -4 + 5 - -1.
-3
Calculate -11 - (-20 - -47) - -65.
27
What is 15 + -16 + 2 + -9?
-8
-18 - (3 + -13) - -9 - -20
21
Evaluate -857 + 868 - (2 + 25 + -1).
-15
What is 7 + 9 - -29 - 27?
18
Calculate -6 - (-17 - (-16 + 10)) - -2.
7
What is -6 + (-6 + 18 - 6 - (5 + -2))?
-3
What is the value of 4 + 0 + -5 + 1 - 10?
-10
12 - (2 + 4 + 89 + -101)
18
What is the value of -7 - 6 - -23 - 4?
6
What is (13 + -10 + -6 - (4 - 1)) + 18?
12
What is -17 + (5 - (-3 + 5)) - (-36 - -33)?
-11
Evaluate 9 + -4 + -10 + -2.
-7
What is (0 - 7) + (-4 - (4 - 1)) + -2?
-16
Evaluate -9 - (-3 + -17 + 20).
-9
What is -158 - -172 - (14 + -1) - -36?
37
-12 + (-20 + -9 - -64)
23
3 + (0 - 16) + (6 - -7)
0
What is the value of (-1 - 8 - (-27 - -24)) + 25 - 6?
13
1 + -4 + (-19 - (-58 - -26))
10
Calculate 18 + (-20 - 7 - -14).
5
What is the value of 1 - (9 - 4 - 7) - 1?
2
74 + -75 + (-9 - 0)
-10
Calculate -13 + (-7 - 12 - 13) - (-4 + -1).
-40
What is (10 + -15 + -3 - 8) + 6?
-10
What is the value of -11 - (19 + -46 + 8)?
8
What is the value of 1 + -20 + (-18 - -11 - -10)?
-16
What is the value of 5 - (-4 + (20 - 3 - -6) - 4)?
-10
What is -162 + 156 - (-1 - -1)?
-6
What is -41 - -16 - -18 - -33?
26
Evaluate 17 + (-9 - (-4 - -1)).
11
What is the value of (0 + 0 - -2) + (-1195 - -1188)?
-5
What is the value of (14 - 15) + 2 - 8?
-7
What is 15 + (-15 - 7) + 17?
10
Evaluate (0 - 0) + (79 - 59).
20
What is 24 - (17 - -8 - 8)?
7
Calculate 14 - (6 + (1 - (2 + 3 - 4))).
8
What is 22 - (-37 - -17 - -22)?
20
Calculate -21 + 67 + -10 - 56.
-20
12 - 14 - 8 - (-4 + -1) - -3
-2
Evaluate (-10 - (-3 + -4)) + 14.
11
1 - (-4 + 0 - (5 + 0 + 2))
12
29 - (8 + 6) - (1 + 6) - 4
4
Evaluate (1 - -7) + (-20 + 5 - (-37 + 51)).
-21
Evaluate -17 + -6 + 15 + -4.
-12
Calculate 2 + (145 - 139 - (5 + -3 - -22)).
-16
1 - (-14 + 8) - (1 + -1 + -8)
15
Calculate 2 - 0 - -1 - (-686 + 703).
-14
-17 + (-3 - -5 - -10)
-5
What is the value of (38 - (28 + -10)) + -29?
-9
Calculate 21 + -7 - 23 - (-1 + -8).
0
What is the value of 4 + 0 - ((19 - (-1 + 3)) + 2)?
-15
Calculate (1 - 2) + 17 + 6 + -26.
-4
-1 - 18 - (-314 + 306)
-11
What is (-13 - -14) + (-4 - (-1 + 11) - 0)?
-13
Evaluate 74 + -75 - ((-5 + 2 - -13)